 30 = 10. What is the greatest common divisor of i and 10?
10
Let c = 174 + -61. Suppose 4*x + 21 = c. What is the greatest common factor of x and 115?
23
Suppose -5*n = 206 - 261. Let m be (3/(-1))/((-3)/22). Let b be -11*(m/(-2) + 0). Calculate the greatest common factor of n and b.
11
Let a be 22/(((-4)/15)/((-12)/10)). What is the highest common factor of a and 9?
9
Let x = 7 + -3. Suppose 50 = 5*i + f, -4*i + 51 = x*f - f. Calculate the greatest common divisor of i and 6.
3
Let g(b) = 3*b**3 - b. Let n be g(1). Suppose -7*k + 505 = -n*k. Let p be -3*6/9 + k. What is the highest common factor of 11 and p?
11
Let j(d) = 6*d - 24. Let y be j(9). What is the greatest common factor of 15 and y?
15
Let b(u) = -u + 337. Let d be b(0). Suppose -5*p + 153 + d = 0. Calculate the greatest common divisor of p and 14.
14
Suppose 0 = 4*u - 4*f - 44, -5*u + 55 + 15 = -2*f. Let h = -7 + u. Calculate the greatest common factor of 72 and h.
9
Let y = 15 - 13. Suppose -y*w = -3*w + 9. Calculate the highest common factor of w and 9.
9
Let x be (3*28/3)/1. Let b = -22 + 42. Suppose r - 50 = b. Calculate the greatest common divisor of r and x.
14
Let q(p) = -p**3 - 4*p**2 + 4*p - 6. Let c be q(-5). Suppose 84 = 3*o + 9. Let n be (-3 - -1 - c) + o. Calculate the highest common factor of 6 and n.
6
Suppose -u - 2*u = -2*z - 88, 0 = 2*u - 5*z - 55. Suppose -2*t + 5 + 1 = 0. What is the greatest common factor of u and t?
3
Let f = 15 - -14. What is the highest common factor of f and 58?
29
Suppose -12 = -3*x, 72 = 5*c - 0*c + 3*x. What is the greatest common factor of c and 48?
12
Let c(p) = 3*p**2 - 2. Let j be c(-3). What is the greatest common divisor of 10 and j?
5
Let f(u) = -2*u. Let t be f(-3). Suppose -3*s + 4 = -3*a - 2, 3*s - 12 = a. What is the greatest common factor of a and t?
3
Let r = 21 - 8. Let a = 116 - -27. What is the highest common factor of r and a?
13
Suppose 4*t - 6 = t. Suppose 346 = 4*x - 0*x - z, 5*x = -5*z + 445. Suppose 23 = 5*g - x. What is the highest common factor of g and t?
2
Let i(k) = -k**2 - 8*k - 2. Suppose 0 = -3*a + 2*b - 3, 3*a - 4*b + 9 = -0*b. Let c = -5 + a. Let o be i(c). Calculate the greatest common factor of 98 and o.
14
Let g(m) = -m**3 + 12*m**2 + 3*m + 22. Let o be g(11). What is the highest common divisor of 16 and o?
16
Let p be 188/10 - 1/(-5). Let n = p - 12. Calculate the highest common factor of n and 28.
7
Let z(m) = 27*m. Let t be z(3). Suppose 0 = 2*n - t + 9. Suppose 5*k - 5 = 4*v - 31, -5*v + 55 = 5*k. What is the highest common divisor of n and v?
9
Let v(f) = -f**2 - 10*f - 8. Let j be v(-8). Let z be ((-4)/j)/(2/(-60)). Let t = 4 + 11. What is the highest common factor of z and t?
15
Suppose 8*c - 160 = 4*c. Let z be 3/(-2)*(-20)/6. Calculate the greatest common factor of z and c.
5
Let m(o) = -o**3 + 7*o**2 + 9*o - 5. Let u be m(8). Suppose -6 = -u*f + 30. Suppose 3*a - 24 = -6. What is the highest common factor of a and f?
6
Suppose -4*y - 5*p + 191 + 293 = 0, 0 = -p. Calculate the highest common factor of 11 and y.
11
Let w be (-3)/((-96)/(-34) - 3). Let t = w + -4. What is the highest common factor of 65 and t?
13
Suppose 0 = -u - 16 + 37. Suppose 5*l - 1 = -11. Let d be 69*(u/9 + l). What is the greatest common factor of d and 69?
23
Let m = -18 - -22. Calculate the highest common divisor of m and 32.
4
Let c be (0 + -1)*(-10)/2. Let a = 10 + -1. Let u = a - c. Calculate the highest common factor of 12 and u.
4
Let f be (-176 + -4)/(-4)*2/6. What is the highest common factor of 45 and f?
15
Let u = 1 - -62. What is the greatest common divisor of 7 and u?
7
Let k be (-178)/(-6) - (-5)/15. Let s be 3/5 + 732/k. Suppose 5*q + 15 = w, -3*q = 3*w - 0*w - 27. What is the greatest common divisor of s and w?
5
Let n(p) = -p + 9. Let k be n(-4). Let a = -80 - -171. What is the greatest common factor of a and k?
13
Suppose -38 = -5*z - 13. Let g = -37 - -57. Calculate the greatest common factor of z and g.
5
Let x be 1012/16 - 6/(-8). Suppose -5*d + x = 19. Calculate the greatest common divisor of d and 9.
9
Let h = 1 - -3. Suppose 4*k = -2*a, -2*a + k + h + 11 = 0. Let y = 18 - -6. Calculate the greatest common divisor of y and a.
6
Suppose -i + 5 = -2*s + 3*s, s - 2*i = 8. Let r(w) = -w**2 + 8*w - 6. Let a be r(s). What is the highest common divisor of 48 and a?
6
Let c(s) = -s**2 + 9*s + 3. Let l be c(9). Calculate the greatest common divisor of l and 30.
3
Suppose -4*a + a = -5*y + 33, -a = y - 5. Let n = 15 - y. Suppose 0 = 5*s + z - 20, 4*s = -0*s + z + 7. What is the greatest common divisor of s and n?
3
Suppose w = 2*w + 1, -4*w = 3*p - 26. What is the highest common factor of 8 and p?
2
Suppose -s - 19 + 79 = 2*i, -2*s + 120 = i. What is the greatest common factor of 12 and s?
12
Suppose 4*p = 5*g, -g = 4*g. Suppose p*f = 7*f - 98. Calculate the greatest common divisor of f and 14.
14
Suppose -4*a + 4 = -5*a. Let d = a + 8. Suppose 0 = -3*l - 15, -2*l = -v - d*v + 30. What is the greatest common factor of v and 16?
4
Let r = -104 + 195. Suppose a - 23 = -2*c, -5*a = 2*c - c - 70. Calculate the greatest common factor of r and a.
13
Suppose -i + 4*i - 144 = 0. Calculate the greatest common factor of 32 and i.
16
Suppose -z = 4*z - 20. Suppose -z*o + 0*o + 352 = 0. What is the greatest common factor of o and 11?
11
Suppose -u + 2*u + 2 = 0. Let m(h) = -h**2 - 4*h. Let a be m(u). Suppose y - 4*t - 15 = 9, -t = 2*y - 75. Calculate the highest common divisor of a and y.
4
Let j = 6 + 76. Calculate the highest common factor of 41 and j.
41
Let z be ((-99)/(-6))/((-5)/(-30)). Calculate the highest common divisor of 9 and z.
9
Let r = -23 - -32. Let s be 82/8 - r/36. Let y(t) = -t**3 + 5*t**2 - 2*t + 3. Let m be y(3). What is the greatest common divisor of m and s?
5
Let d = -2 + 4. Suppose 3*q + 36 = 3*b, 5*q - 2*q = -d*b - 1. Suppose b + 4 = k. Calculate the greatest common divisor of 11 and k.
11
Suppose -2*w = -s + 57, 0*w = 2*s - 2*w - 122. What is the greatest common factor of 26 and s?
13
Suppose v - c - 10 = 0, c = 4*v + 5*c - 72. Let u = 1 + v. Suppose -u = -3*o, f - 3*o + 6 = 2. What is the greatest common divisor of f and 55?
11
Let a = -5 + 9. Let p(s) = -4*s**2 - 12*s + 10 - s**2 + a*s**2. Let n be p(-11). What is the highest common divisor of n and 3?
3
Suppose 3*v = 7*v - 32. Calculate the highest common factor of v and 64.
8
Let y(u) = -u**2 - 19*u - 10. Let q be y(-10). Calculate the highest common factor of q and 16.
16
Suppose 0 = -2*l + 4, 0 = -2*i + 6*i + 5*l + 50. Let t = 22 + i. What is the highest common factor of t and 7?
7
Suppose 4*f + 92 = 13*k - 11*k, -5*f = 5*k - 215. Suppose 0*y + 1 = -y. Let h be ((-22)/5)/(y/25). What is the greatest common factor of k and h?
22
Let r be 6/21 + 18/(-14). Let g be r/(-3) - (-430)/6. What is the greatest common factor of 48 and g?
24
Suppose 39 = 5*q - 0*w - 3*w, -4*w = -5*q + 42. Suppose -3*l - 162 = -4*i, -4*i + 76 = -2*i - 4*l. What is the highest common divisor of q and i?
6
Suppose -4*g = -f - 11, 0*g + 18 = 2*f + 2*g. Let b be 4/(-54)*6*27/(-6). What is the highest common divisor of f and b?
1
Let l be (2 - -1)*1 - 2. Let p be (-2 - (-2 + l)) + 57. Calculate the highest common factor of 84 and p.
28
Let j(y) = -4*y + y**2 + 0*y + 7*y + 4. Let k be j(-5). Let q be (1*-29)/(-1) + -1. Calculate the highest common factor of k and q.
14
Let f(j) = 36*j**2 - 2*j + 4. Let k be f(2). Calculate the greatest common divisor of k and 36.
36
Suppose s - 1 = 3. Suppose 0 = -5*x - 4*g + 82, s*x + 5*g - 71 = -0*x. What is the greatest common factor of 28 and x?
14
Suppose 4*j + 0*j = 3*p - 1087, 0 = -3*p - j + 1097. Let d be p/15 + (-2)/6. What is the greatest common factor of d and 3?
3
Suppose -4*j = 5*i - 20, 3*i = -j + 3*j - 10. Suppose -o = -i*o - 8. Suppose -s - 4 = -3*q, 5*s = -5*q + 28 - o. What is the greatest common factor of 2 and q?
2
Let h(b) = -b**3 + 4*b**2 - 2*b - 3. Let d be h(3). Suppose d = -2*l + 7*l - 360. What is the greatest common factor of 8 and l?
8
Suppose 5*s - 2*h - 39 = 141, 0 = -5*h. Calculate the highest common divisor of s and 96.
12
Suppose 3*m + 20 = 2*m. Let j be m*((-68)/10 + 2). Calculate the greatest common divisor of 12 and j.
12
Let r = -4 + 15. Let h(j) = -j**2 - j + 2. Let c be h(0). Let o = r + c. What 